)?
89
Suppose 2*n - 2790 = -4*g, -46*n + g + 5616 = -42*n. Suppose -n = -4*v + 2565. List the prime factors of v.
2, 31
Let x(m) = -1 + 39*m - 16*m + m**2 - 25*m. List the prime factors of x(16).
223
Suppose 0 = 28*o - 44*o + 17840. Suppose -12*j + 8*j + o = 5*t, -2*j - 669 = -3*t. List the prime factors of t.
223
Suppose 19010 = t + 13*p - 9*p, 7*t = -3*p + 132945. What are the prime factors of t?
2, 3, 5, 211
Let v(b) = -337 + 528 - 270 - 197*b. What are the prime factors of v(-2)?
3, 5, 7
Suppose 4*g - 5*t = 4865, -3*g = -2*t - 4386 + 732. Suppose -5*f + g = -5*x - 510, 4*x - 1352 = -4*f. What are the prime factors of f?
2, 3, 19
Let o(s) = 9454*s - 187. List the prime factors of o(1).
3, 3089
Let w(h) = 5*h**2 + 72*h - 3447. List the prime factors of w(36).
3, 5
Let i = -20 - -81. Let s be 0 - -1 - (0 - i). What are the prime factors of (1 - (5 + -3)) + (s - 2)?
59
Let m = 43361 - 9243. What are the prime factors of m?
2, 7, 2437
Suppose 4*q + 5*v = 33 - 11, 0 = -3*q + 5*v - 1. Let i be q/(-12) + (-20)/32*6. List the prime factors of -252*(2/i*-2 + -2).
2, 3, 7
Let t(x) = 5*x**2 - 160. Suppose 2*l + 2*r = -17 + 55, 4*r + 22 = 3*l. What are the prime factors of t(l)?
2, 5, 41
Let p(x) = -x**3 - 43*x**2 + 44*x + 4. Let u be p(-44). Suppose 0 = -8*c + 3*c + u*o + 3240, -o + 3215 = 5*c. List the prime factors of c.
2, 7, 23
Let o(a) be the second derivative of 31*a**4/24 - 14*a**3/3 - 7*a**2/2 + 2*a. Let d(z) be the first derivative of o(z). What are the prime factors of d(5)?
127
Let b be -4 - (10/2 + -9211). What are the prime factors of b/6 + (-44)/66?
3, 7, 73
Let x = 111 - 110. Let n = 21 - x. Suppose 3*l + n = 29. List the prime factors of l.
3
Let l = -51708 + 119065. List the prime factors of l.
193, 349
Suppose -4*l - 4*q = -2*q, -2*q = 4. Let v(z) = 753*z**3 - 4*z + 2. What are the prime factors of v(l)?
751
Let y(z) = z**3 - 43*z**2 + 99*z - 296. What are the prime factors of y(46)?
2, 5303
Let l(k) = -2*k**2 + 16*k - 9. Let p be (-21 - -1)*16/(-40). Suppose -p*m = -3*m - 35. What are the prime factors of l(m)?
5
Let n(r) = 172*r**2 + 44*r - 99. List the prime factors of n(15).
3, 23, 569
Let k be (1*5)/((-1)/(-6)). Suppose k*b - 39*b = -5247. What are the prime factors of b?
11, 53
Suppose 318015 = 186*g - 141*g. What are the prime factors of g?
37, 191
Suppose u - x = 32459, 3*u - 1187 = 5*x + 96194. List the prime factors of u.
3, 31, 349
Let z = -161 + -33. Let x = 149 + -192. Let s = x - z. List the prime factors of s.
151
Let j be (2 - (-16)/(-10)) + 44336/85. Suppose 232*q + j = 233*q. What are the prime factors of q?
2, 3, 29
Suppose -2*r + 0*r = 6, 3296 = 2*h - 2*r. Suppose -5*m - h = -3*z, 1096 = 2*z - 11*m + 7*m. What are the prime factors of z?
2, 5, 11
Suppose -2*g = 4*g + 660. What are the prime factors of (-1120)/g - 1/(33/6)?
2, 5
Suppose 17*r = 20*r - 675. Suppose 0 = 2*u - 2*x - 90, -u = 3*u + 5*x - r. List the prime factors of u.
2, 5
Suppose 26*a = 2*n + 31*a - 30944, 3*a + 46479 = 3*n. What are the prime factors of n?
17, 911
Suppose -5*a + 4*a = -1. Let q be (a + 0)/((24/140)/6). Let c = q - -8. List the prime factors of c.
43
Suppose -7*o + 0 = 91. Let t(q) = -4*q**2 - 57*q - 29. What are the prime factors of t(o)?
2, 3
Let c(l) be the first derivative of 13*l**3 - 23*l**2/2 + 136*l - 257. What are the prime factors of c(6)?
2, 701
Suppose 3*d = -2*c - 3*c + 287, 4*d = 4*c - 236. Let m = 59 - c. List the prime factors of ((128/12)/4)/(m/84).
2, 7
Suppose -34372 = -4*u - 2*y, -3*u + 3*y - 15217 = -40987. List the prime factors of u.
2, 3, 179
Suppose -4*d + 3748 = 4*i - 5*d, -3*d = 2*i - 1860. Let j = i + -377. List the prime factors of j.
13, 43
Suppose d + 33552 + 44728 = 39*d. What are the prime factors of d?
2, 5, 103
Suppose c + 113 = 3*l + 2*c, 87 = 2*l + 3*c. Let j = 62 - l. Suppose 12 + j = p. List the prime factors of p.
2, 19
Suppose 7*j - 9 - 5 = 0. Let q(h) = 4*h - 4 + 13*h + 26 + j. List the prime factors of q(4).
2, 23
Let s = 21 + -15. Let k(q) = -q - 2. Let o(x) = 15*x + 54. Let m(y) = 12*k(y) + o(y). List the prime factors of m(s).
2, 3
Let x be 2353 + 1/(8/24). Suppose 0*y - 2936 = -5*u - 2*y, 0 = 4*u - 2*y - x. List the prime factors of u.
2, 3, 7
Suppose 0 = -4*p - p. Suppose p*j - j = -904. Suppose 4*f + 370 = 2*m, -5*m - 2*f + j = -5*f. What are the prime factors of m?
179
Let n(a) = a**2 - 42*a + 3616. Let p be n(0). List the prime factors of (p/48)/((-1)/(-9)).
2, 3, 113
Let r(l) = -71*l**3 - 3*l**2 + 8*l + 5. Let m(h) = -2*h**3 - h**2 - 7*h**3 - 26*h**3 + 4*h + 2. Let q(g) = 9*m(g) - 4*r(g). What are the prime factors of q(-2)?
2, 5
Suppose -12*o - 5*o - 4*o = -192591. What are the prime factors of o?
3, 1019
Suppose -20*y + 185698 = -314142. What are the prime factors of y?
2, 11, 71
Suppose -29 + 11 = -3*k. Suppose 37*o - k = 34*o. Suppose 0 = -o*d + w + 32, -w = 3*d - 0*d - 43. List the prime factors of d.
3, 5
Suppose -3*s = 3*c + 96, 5*c + 3*s = -0*s - 158. Let b = 4646 - 4535. Let t = c + b. What are the prime factors of t?
2, 5
Suppose 0 = 4*b - 2*t - 76646, 5*b - 2*t - 2*t - 95818 = 0. List the prime factors of b.
2, 3, 31, 103
Let l(o) = -4*o**3 - 8*o**2 + 13*o - 2. Let a be l(6). Let j = 2586 + a. What are the prime factors of j?
2, 5, 151
Let b(w) = 562*w - 734. List the prime factors of b(9).
2, 23, 47
Let m = -3195 + 21214. What are the prime factors of m?
37, 487
Let q be (22/8)/((-3)/(-3900)). Suppose 0 = -26*r + 31*r - q. What are the prime factors of r?
5, 11, 13
Let g(y) = -y**2 + y - 12. Let i be g(-6). Let b = i - -60. List the prime factors of (-117)/b*32/(-6).
2, 13
Let f be ((-2)/4)/((-52)/(-62712)). Let a = f + 1197. List the prime factors of a.
2, 3, 11
Let a(j) = -j**3 - 59*j**2 - 362*j + 39. What are the prime factors of a(-59)?
21397
Let d be 1/(3/(-2 - -395)). Let l(t) = -t + 5. Let n be l(2). Suppose 3*y = -u + d, -2*u - 134 = -0*y - n*y. What are the prime factors of y?
2, 11
List the prime factors of 1*9 - -1 - (-1986 + -5349).
5, 13, 113
Suppose n - 30743 = -r, 3*n - 80*r - 92237 = -79*r. What are the prime factors of n?
5, 11, 13, 43
Let l = 35 - 15. List the prime factors of (-10)/l + (-1598)/(-4).
3, 7, 19
Suppose -53*d + 1053073 - 157903 = 0. What are the prime factors of d?
2, 3, 5, 563
Suppose 10*o = 10 - 30. What are the prime factors of 300 - (6 + o)*(-3)/(-6)?
2, 149
Let p(n) = n**3 - 16*n**2 - 25*n - 11. Let u(o) = 5*o**2 + 20*o + 6. Let h be u(-5). Let d = 49 - h. List the prime factors of p(d).
11, 17
Let r(j) = j**3 + 11*j**2 - 5*j - 28. Let a(u) = -u**3 + 8*u**2 - 13*u - 4. Let v be (3 - 45/21)*7. Let c be a(v). What are the prime factors of r(c)?
2, 61
Let c(u) = 33*u - 194. Let b be c(6). Let k(m) = 3*m + 3. Let v be k(6). Let j = v + b. List the prime factors of j.
5
Let a(l) = 1320*l + 5354. What are the prime factors of a(12)?
2, 10597
Let f = 349 - 339. What are the prime factors of (1*(-2884)/f)/(17/(-85))?
2, 7, 103
Let i = 31445 + -13012. What are the prime factors of i?
18433
Let l = -83 + 143. Suppose l*g - 9 = 57*g. Suppose -g*r + 30 = -18. List the prime factors of r.
2
Suppose 62*b - 67*b - 17923740 = -440*b. What are the prime factors of b?
2, 10301
Let z be 6*((-4)/24*-10 + -1). Suppose h + 0*h + z*a = -4, 0 = -h + 2*a - 4. List the prime factors of ((-126)/4)/(h - 75/(-20)).
2, 3, 7
Let p be 148/2*(-9 - (-325)/10). Suppose 2*h = 3*a - p, 4*a + 19*h - 20*h = 2322. What are the prime factors of a?
7, 83
Suppose -3*d + 3*u + 23442 = 0, -2*d - 2*d - 2*u = -31280. What are the prime factors of d?
2, 3, 1303
Let g = 58 - 51. Suppose -62 = -g*p + 15. Suppose 110 = 12*z - p*z. List the prime factors of z.
2, 5, 11
Suppose 13*s - 11*s + 126 = 0. Let x = -111 - s. List the prime factors of 549/12 - 3*4/x.
2, 23
Suppose 0 = -257*x + 252*x - 15. List the prime factors of (-9 - x - -61) + -1.
2, 3
Suppose 140*j = 35*j + 119910. List the prime factors of j.
2, 571
Let g = -1569 - -3498. What are the prime factors of g?
3, 643
Suppose o - 9 = 2*o. Let g(c) = -c**2 + 17*c - 14. Let q be g(18). What are the prime factors of 6/8 - ((-63720)/q)/o?
2, 3, 37
Suppose 0 = -52*u - 54*u + 111*u - 134560. What are the prime factors of u?
2, 29
Suppose 6*h + 43 = 151. Suppose 15*g = h*g + 117. Let b = g - -117. List the prime factors of b.
2, 3,